w is divided by 13?
11
Suppose 16 = -5*a - 2*f, a + 0*f + f = -2. Let s be (1/(-2))/((-1)/a). Calculate the remainder when (-3 - s - -44) + 0 is divided by 15.
13
Suppose 68 = 3*s + 56. What is the remainder when 5 is divided by s?
1
Suppose -3*t + 0*o + 2*o - 1 = 0, -2*t + 2*o = 4. Calculate the remainder when 8 is divided by t.
2
Suppose -2*l = 5*k - 7*l - 155, -3*k - 2*l + 93 = 0. What is the remainder when k is divided by 11?
9
Suppose b = -4*l + 17, -2*b = -2 - 0. Calculate the remainder when 15 is divided by l.
3
Let g(d) = 5*d**3 - 3*d**2 - d + 2. Calculate the remainder when g(1) is divided by 3.
0
Let i(t) = -t**3 + 6*t**2 - 4*t - 4. Suppose 4*n + 0*v = -2*v - 12, 4 = -3*n + v. What is the remainder when i(5) is divided by n/(-5) - (-9)/15?
0
Let z(s) = -s**2 + 12*s - 12. What is the remainder when z(7) is divided by 10?
3
Suppose 3*s + s + 5*h - 25 = 0, 9 = -3*h. Let n(x) = 4*x + 2. Let q(m) = 3*m + 2. Let i(b) = 4*n(b) - 5*q(b). What is the remainder when s is divided by i(6)?
2
Suppose t = 2*d + 2 + 33, 0 = 3*t - d - 100. Suppose 5*n = h - 54, -6*h = -3*h + n - 98. Let y = h + -17. Calculate the remainder when t is divided by y.
16
Suppose -3*b = 5*r + 135, b + 2*b = 0. Let n = -25 - r. What is the remainder when 6 is divided by n?
0
Let b(t) = -22*t + 3. Let q be b(-3). Let n be 640/(-14) - (-4)/(-14). Let a = q + n. Calculate the remainder when a is divided by 12.
11
Suppose -d = -3*d + 66. What is the remainder when 65 is divided by d?
32
Let m(x) = 3*x + 7 - 3 + 4. Suppose -4 = -3*d + 26. Calculate the remainder when m(7) is divided by d.
9
Let y(x) = -4*x + x + 4*x + 2 - 2*x. Let q be y(2). What is the remainder when 23 is divided by q - -4 - 2 - -6?
7
Let x be 1 + (-6 - (0 - 2)). Calculate the remainder when 0 + (1 - -2) - x is divided by 4.
2
Let x = -100 - -190. Calculate the remainder when x is divided by (-3 + 210)/9*(0 + 1).
21
Suppose -q - 18 = -3*q. Suppose 5*y + 3*r = -q, 2*y = 2*r - 3*r - 3. Suppose y = -3*m + 9 - 3. Calculate the remainder when 3 is divided by m.
1
Suppose -2*n - 4 = -2*p, -8*n + 3*n + 35 = 4*p. Suppose 0 = n*b - 0*b - 48. Suppose -i + 10 = 1. What is the remainder when b is divided by i?
7
Let u be (4 - (-3 + 1)) + 1. Suppose -u = -2*x + x. Let n(j) = j + 11. What is the remainder when n(8) is divided by x?
5
Suppose -72 = -13*f + 11*f. What is the remainder when f is divided by 14?
8
Let a = 0 + 3. Suppose -a*n + 2*o + 149 = 0, -2*n - n = 3*o - 129. What is the remainder when n is divided by 16?
15
Suppose 5*u + 4*w = -12, 2*u = -3*u + 3*w + 9. Suppose -45 = -3*c - u. Let m = c + 30. What is the remainder when m is divided by 12?
9
Suppose 12 = 4*q - h, -4*q - 9*h + 4*h + 12 = 0. What is the remainder when 6 is divided by q?
0
Calculate the remainder when (-46)/5*10/(-4) is divided by 6.
5
Let c(f) = 97*f**3 + f**2 - f + 1. Calculate the remainder when c(1) is divided by 25.
23
Suppose 10 = -3*k + 1. Let d = k + 25. Let g = 3 + 5. Calculate the remainder when d is divided by g.
6
Let w(r) = r**3 - 3*r**2 - 7*r + 11. Calculate the remainder when w(5) is divided by 9.
8
Let b(r) = 4*r**2 - 4*r + 3. Let m be b(1). Let l(o) = -o**3 + 5*o**2 - 3*o. Calculate the remainder when 14 is divided by l(m).
5
Suppose -12 = -3*k, -4*o + 3*k + 6 = -2. Suppose 0 = c - 8 + o. Suppose -3*s + 3 + c = 0. What is the remainder when 2 is divided by s?
0
Let x(c) be the second derivative of c**4/12 - c**3/2 + 4*c. What is the remainder when 11 is divided by x(4)?
3
Let a = -76 - -48. What is the remainder when 106 is divided by (-3)/(0 + 3) - a?
25
Calculate the remainder when (7/2 + 4/2)*4 is divided by 8.
6
Suppose 0 = -u - x + 2*x - 1, 4*u - 2*x = 6. Suppose u*l + 28 = 5*j, -5*j + 41 = -2*l + 7. Calculate the remainder when j is divided by 3.
2
Let v be 6 - (1 - (1 + -2)). Suppose -3*q = -4*w - 6, -v*q + 9 = -4*w + 1. Let u = 1 - w. What is the remainder when 2 is divided by u?
0
Let v be 1/(1/6*-2). Calculate the remainder when 1 - ((-84)/(-1))/v is divided by 15.
14
Let d(j) = -j. Let u be d(1). What is the remainder when 55 is divided by (-8 - u)*(4 - 6)?
13
Suppose -a - 4*a + 3*s + 72 = 0, 5*a - 44 = -4*s. Calculate the remainder when a is divided by 4.
0
Suppose -5*s + 39 = j, 0*s - 2*j + 30 = 4*s. What is the remainder when s is divided by 4?
0
Let d(k) = 4*k. Let c be d(8). Suppose 4*j - j + 5*b = c, 0 = 4*j - 5*b + 4. Let h = 0 - -2. What is the remainder when j is divided by h?
0
Suppose 3*f + 8 = 20. Suppose -n = -0 - 2. Suppose f*d + b - 82 = 2*b, 0 = -n*b + 4. Calculate the remainder when d is divided by 11.
10
Suppose -3*r + 8*d - 3*d = -79, 5*r + 5*d = 65. What is the remainder when r is divided by 4?
2
Suppose -15*p = -20*p + 75. What is the remainder when 57 is divided by p?
12
Suppose 4*n - 124 = -16. Calculate the remainder when n is divided by 15.
12
Let o = -18 + 39. Suppose -2*k - 4*m = -23 - o, 2*m = -4*k + 94. Calculate the remainder when 46 is divided by k.
22
Suppose -80 = -4*a - 0*a + 3*q, 0 = -3*a - 4*q + 60. Suppose -5*n - 3*n = -56. Calculate the remainder when a is divided by n.
6
Let l = 27 - -11. Let h = 0 - -16. Suppose g = -3 + h. Calculate the remainder when l is divided by g.
12
Let a be 5/10 - 6/(-4). Suppose 244 = a*l + 2*l. Calculate the remainder when l is divided by 16.
13
Let u = 44 + -28. Suppose 18 = 2*w - 0*w. What is the remainder when u is divided by w?
7
Suppose 0 = 2*h + 27 + 29. Let u = h + 54. What is the remainder when u is divided by 7?
5
Let u = 1 - -1. Let t = -21 - -26. Suppose u*q = -2*b + 7*q + 6, -t*b - 4*q + 15 = 0. What is the remainder when 10 is divided by b?
1
Let a(v) = -v**2 - 6*v - 5. Let m be a(-5). Suppose 2*p + m*p - 14 = 0. Let d(c) = 3*c + 2. What is the remainder when d(6) is divided by p?
6
Let w be 0/3 - 2*-2. Suppose -w*o + 36 = -o. Calculate the remainder when 21 is divided by o.
9
Suppose 76 + 8 = 3*v. Let h = -31 + 41. What is the remainder when v is divided by h?
8
Suppose 24 = -3*a + 5*a. Let t be 1/(-2) - 1/(-2). Suppose f + 0*f - 7 = t. Calculate the remainder when a is divided by f.
5
Let q(j) = j**2 - 7*j - 13. Calculate the remainder when 13 is divided by q(9).
3
Let x = -7 - -39. Let m = 1 - -10. What is the remainder when x is divided by m?
10
Let t = 16 - 10. What is the remainder when t is divided by (5 + 5)*((-14)/(-4) + -3)?
1
Let l(g) = 11*g + 16. Calculate the remainder when l(6) is divided by 17.
14
Let r be -2*6*6/(-1). Let x = -26 + r. What is the remainder when x is divided by 12?
10
Suppose 0 = -4*v + 60 - 12. What is the remainder when 47 is divided by v?
11
Let f(s) = s**2 - 14. Calculate the remainder when f(-7) is divided by 12.
11
Suppose 2*n = 1 + 3. Suppose -198 = -31*a + 50. Calculate the remainder when (-1)/n - (-86)/4 is divided by a.
5
Let l = 0 - 4. Let b be ((-1)/2)/((-2)/l). Let j = 7 + b. Calculate the remainder when 11 is divided by j.
5
Let s(n) = n + 20. What is the remainder when s(-12) is divided by 4?
0
Let h(c) = 2*c. Let f(g) = -2*g - 1. Let o(w) = 7*f(w) + 6*h(w). What is the remainder when o(-5) is divided by 3?
0
Let v be (1 + 1)*(-4)/(-2). Suppose v*k - 50 = 2*k. Calculate the remainder when 48 is divided by k.
23
Let j be ((-1)/3)/(1/(-6)). Suppose -4*m - r + 43 = 0, 2*m = 3*m + j*r - 2. Let h = 48 - 14. Calculate the remainder when h is divided by m.
10
Let t(j) = j**3 + 7*j**2 + j + 3. What is the remainder when t(-6) is divided by ((-4)/8)/((-1)/34)?
16
Let k = -1 + 5. Suppose -75 = -4*m - m. Let z = m - 9. What is the remainder when z is divided by k?
2
Let b be (3 - 7)/(-1 + -1). Suppose b*x - x - 5 = 0. Suppose -5 = -m, x*m = 3*p + m - 40. Calculate the remainder when 38 is divided by p.
18
Let i be 3/((-18)/(-15))*2. Suppose -5*k + 101 + i = -3*a, 2*k - 38 = -a. What is the remainder when k is divided by 11?
9
Suppose 0 = 3*i - 2*i. Suppose 4*m + 13 = b, -3*m = 4*b - i*m - 14. Calculate the remainder when 14 is divided by b.
4
Suppose 94 - 38 = -2*s. Let q = 3 - s. Let a = -8 + 19. Calculate the remainder when q is divided by a.
9
Let k = -68 - -103. Calculate the remainder when 99 is divided by k.
29
What is the remainder when 12 is divided by (4/(-6))/((-4)/120*4)?
2
Suppose 3*r + 4*m - 19 = 74, 2*r - 39 = 5*m. What is the remainder when r is divided by 6?
3
Calculate the remain